{"id":52,"date":"2015-01-27T03:10:32","date_gmt":"2015-01-27T01:10:32","guid":{"rendered":"http:\/\/demo.wpcharming.com\/humanrights\/?page_id=52"},"modified":"2025-05-29T02:24:08","modified_gmt":"2025-05-28T23:24:08","slug":"avukatlar","status":"publish","type":"page","link":"http:\/\/gulgunlaw.com\/index.php\/avukatlar\/","title":{"rendered":"AVUKATLAR"},"content":{"rendered":"\t\t<div data-elementor-type=\"wp-page\" data-elementor-id=\"52\" class=\"elementor elementor-52\" data-elementor-settings=\"[]\">\n\t\t\t<div class=\"elementor-inner\">\n\t\t\t\t<div class=\"elementor-section-wrap\">\n\t\t\t\t\t\t\t<section class=\"elementor-element elementor-element-855bba1 elementor-section-boxed elementor-section-height-default elementor-section-height-default elementor-section elementor-top-section\" data-id=\"855bba1\" data-element_type=\"section\">\n\t\t\t\t\t\t<div class=\"elementor-container elementor-column-gap-default\">\n\t\t\t\t<div class=\"elementor-row\">\n\t\t\t\t<div class=\"elementor-element elementor-element-a06ae18 elementor-column elementor-col-33 elementor-top-column\" data-id=\"a06ae18\" data-element_type=\"column\">\n\t\t\t<div class=\"elementor-column-wrap  elementor-element-populated\">\n\t\t\t\t\t<div class=\"elementor-widget-wrap\">\n\t\t\t\t<div class=\"elementor-element elementor-element-6886549 elementor-widget elementor-widget-image\" data-id=\"6886549\" data-element_type=\"widget\" data-widget_type=\"image.default\">\n\t\t\t\t<div class=\"elementor-widget-container\">\n\t\t\t\t\t<div class=\"elementor-image\">\n\t\t\t\t\t\t\t\t\t\t<img width=\"297\" height=\"300\" src=\"http:\/\/gulgunlaw.com\/wp-content\/uploads\/2021\/09\/cuneyddogan-297x300.png\" class=\"attachment-medium size-medium\" alt=\"\" decoding=\"async\" loading=\"lazy\" srcset=\"http:\/\/gulgunlaw.com\/wp-content\/uploads\/2021\/09\/cuneyddogan-297x300.png 297w, http:\/\/gulgunlaw.com\/wp-content\/uploads\/2021\/09\/cuneyddogan.png 396w\" sizes=\"(max-width: 297px) 100vw, 297px\" \/>\t\t\t\t\t\t\t\t\t\t\t<\/div>\n\t\t\t\t<\/div>\n\t\t\t\t<\/div>\n\t\t\t\t<div class=\"elementor-element elementor-element-b7c968f elementor-widget elementor-widget-text-editor\" data-id=\"b7c968f\" data-element_type=\"widget\" data-widget_type=\"text-editor.default\">\n\t\t\t\t<div class=\"elementor-widget-container\">\n\t\t\t\t\t<div class=\"elementor-text-editor elementor-clearfix\"><p style=\"text-align: center;\"><strong>\u00a0<\/strong><strong style=\"margin-bottom: 0px;\">AV. MUSTAFA C\u00dcNEYD DO\u011eAN<\/strong><\/p><p style=\"text-align: center;\">Bilkent \u00dcniversitesi Hukuk Fak\u00fcltesi<\/p><p style=\"text-align: center;\"><a style=\"margin-bottom: 0px;\" href=\"mailto:cuneyd@gulgunlaw.com\">cuneyd@gulgunlaw.com<\/a><\/p><\/div>\n\t\t\t\t<\/div>\n\t\t\t\t<\/div>\n\t\t\t\t\t\t<\/div>\n\t\t\t<\/div>\n\t\t<\/div>\n\t\t\t\t<div class=\"elementor-element elementor-element-54aca11 elementor-column elementor-col-33 elementor-top-column\" data-id=\"54aca11\" data-element_type=\"column\">\n\t\t\t<div class=\"elementor-column-wrap  elementor-element-populated\">\n\t\t\t\t\t<div class=\"elementor-widget-wrap\">\n\t\t\t\t<div class=\"elementor-element elementor-element-a738348 elementor-widget elementor-widget-image\" data-id=\"a738348\" data-element_type=\"widget\" data-widget_type=\"image.default\">\n\t\t\t\t<div class=\"elementor-widget-container\">\n\t\t\t\t\t<div class=\"elementor-image\">\n\t\t\t\t\t\t\t\t\t\t<img width=\"293\" height=\"300\" src=\"http:\/\/gulgunlaw.com\/wp-content\/uploads\/2021\/09\/orhangulgun-293x300.png\" class=\"attachment-medium size-medium\" alt=\"\" decoding=\"async\" loading=\"lazy\" srcset=\"http:\/\/gulgunlaw.com\/wp-content\/uploads\/2021\/09\/orhangulgun-293x300.png 293w, http:\/\/gulgunlaw.com\/wp-content\/uploads\/2021\/09\/orhangulgun.png 390w\" sizes=\"(max-width: 293px) 100vw, 293px\" \/>\t\t\t\t\t\t\t\t\t\t\t<\/div>\n\t\t\t\t<\/div>\n\t\t\t\t<\/div>\n\t\t\t\t<div class=\"elementor-element elementor-element-02d80be elementor-widget elementor-widget-text-editor\" data-id=\"02d80be\" data-element_type=\"widget\" data-widget_type=\"text-editor.default\">\n\t\t\t\t<div class=\"elementor-widget-container\">\n\t\t\t\t\t<div class=\"elementor-text-editor elementor-clearfix\"><p style=\"text-align: center;\"><strong>\u00a0<\/strong><strong style=\"margin-bottom: 0px;\">AV. ORHAN G\u00dcLG\u00dcN<\/strong><\/p><p style=\"text-align: center;\">\u0130stanbul \u00dcniversitesi Hukuk Fak\u00fcltesi<\/p><p style=\"text-align: center;\"><a style=\"text-decoration-line: underline; outline: 0px; margin-bottom: 0px;\" href=\"mailto:orhan@gulgunlaw.com\">orhan@gulgunlaw.com<\/a><\/p><\/div>\n\t\t\t\t<\/div>\n\t\t\t\t<\/div>\n\t\t\t\t\t\t<\/div>\n\t\t\t<\/div>\n\t\t<\/div>\n\t\t\t\t<div class=\"elementor-element elementor-element-2e95211 elementor-column elementor-col-33 elementor-top-column\" data-id=\"2e95211\" data-element_type=\"column\">\n\t\t\t<div class=\"elementor-column-wrap  elementor-element-populated\">\n\t\t\t\t\t<div class=\"elementor-widget-wrap\">\n\t\t\t\t<div class=\"elementor-element elementor-element-f18305b elementor-widget elementor-widget-image\" data-id=\"f18305b\" data-element_type=\"widget\" data-widget_type=\"image.default\">\n\t\t\t\t<div class=\"elementor-widget-container\">\n\t\t\t\t\t<div class=\"elementor-image\">\n\t\t\t\t\t\t\t\t\t\t<img width=\"285\" height=\"300\" src=\"http:\/\/gulgunlaw.com\/wp-content\/uploads\/2018\/02\/saitmursel-copy-285x300.png\" class=\"attachment-medium size-medium\" alt=\"\" decoding=\"async\" loading=\"lazy\" srcset=\"http:\/\/gulgunlaw.com\/wp-content\/uploads\/2018\/02\/saitmursel-copy-285x300.png 285w, http:\/\/gulgunlaw.com\/wp-content\/uploads\/2018\/02\/saitmursel-copy.png 510w\" sizes=\"(max-width: 285px) 100vw, 285px\" \/>\t\t\t\t\t\t\t\t\t\t\t<\/div>\n\t\t\t\t<\/div>\n\t\t\t\t<\/div>\n\t\t\t\t<div class=\"elementor-element elementor-element-b88cd8c elementor-widget elementor-widget-text-editor\" data-id=\"b88cd8c\" data-element_type=\"widget\" data-widget_type=\"text-editor.default\">\n\t\t\t\t<div class=\"elementor-widget-container\">\n\t\t\t\t\t<div class=\"elementor-text-editor elementor-clearfix\"><p style=\"text-align: center;\"><strong>\u00a0<\/strong><strong style=\"margin-bottom: 0px;\">AV. SA\u0130T M\u00dcRSEL \u00c7E\u015e\u0130TC\u0130O\u011eLU<\/strong><\/p><p style=\"text-align: center;\">Galatasaray \u00dcniversitesi Hukuk Fak\u00fcltesi<\/p><p style=\"text-align: center;\"><a style=\"margin-bottom: 0px;\" href=\"mailto:sait@gulgunlaw.com\">sait@gulgunlaw.com<\/a><\/p><\/div>\n\t\t\t\t<\/div>\n\t\t\t\t<\/div>\n\t\t\t\t\t\t<\/div>\n\t\t\t<\/div>\n\t\t<\/div>\n\t\t\t\t\t\t<\/div>\n\t\t\t<\/div>\n\t\t<\/section>\n\t\t\t\t<section class=\"elementor-element elementor-element-198caa1 elementor-section-boxed elementor-section-height-default elementor-section-height-default elementor-section elementor-top-section\" data-id=\"198caa1\" data-element_type=\"section\">\n\t\t\t\t\t\t<div class=\"elementor-container elementor-column-gap-default\">\n\t\t\t\t<div class=\"elementor-row\">\n\t\t\t\t<div class=\"elementor-element elementor-element-413fab6 elementor-column elementor-col-33 elementor-top-column\" data-id=\"413fab6\" data-element_type=\"column\">\n\t\t\t<div class=\"elementor-column-wrap  elementor-element-populated\">\n\t\t\t\t\t<div class=\"elementor-widget-wrap\">\n\t\t\t\t<div class=\"elementor-element elementor-element-1964f4e elementor-widget elementor-widget-image\" data-id=\"1964f4e\" data-element_type=\"widget\" data-widget_type=\"image.default\">\n\t\t\t\t<div class=\"elementor-widget-container\">\n\t\t\t\t\t<div class=\"elementor-image\">\n\t\t\t\t\t\t\t\t\t\t<img width=\"279\" height=\"300\" src=\"http:\/\/gulgunlaw.com\/wp-content\/uploads\/2021\/09\/ibrahimdogan-279x300.png\" class=\"attachment-medium size-medium\" alt=\"\" decoding=\"async\" loading=\"lazy\" srcset=\"http:\/\/gulgunlaw.com\/wp-content\/uploads\/2021\/09\/ibrahimdogan-279x300.png 279w, http:\/\/gulgunlaw.com\/wp-content\/uploads\/2021\/09\/ibrahimdogan-951x1024.png 951w, http:\/\/gulgunlaw.com\/wp-content\/uploads\/2021\/09\/ibrahimdogan-768x827.png 768w, http:\/\/gulgunlaw.com\/wp-content\/uploads\/2021\/09\/ibrahimdogan.png 1171w\" sizes=\"(max-width: 279px) 100vw, 279px\" \/>\t\t\t\t\t\t\t\t\t\t\t<\/div>\n\t\t\t\t<\/div>\n\t\t\t\t<\/div>\n\t\t\t\t<div class=\"elementor-element elementor-element-aec104a elementor-widget elementor-widget-text-editor\" data-id=\"aec104a\" data-element_type=\"widget\" data-widget_type=\"text-editor.default\">\n\t\t\t\t<div class=\"elementor-widget-container\">\n\t\t\t\t\t<div class=\"elementor-text-editor elementor-clearfix\"><p style=\"text-align: center;\"><strong>\u00a0AV. \u0130BRAH\u0130M DO\u011eAN<\/strong><\/p><p style=\"text-align: center;\">Alt\u0131nba\u015f \u00dcniversitesi Hukuk Fak\u00fcltesi<\/p><p style=\"text-align: center;\"><a href=\"mailto:ibrahim@gulgunlaw.com\">ibrahim@gulgunlaw.com<\/a><\/p><\/div>\n\t\t\t\t<\/div>\n\t\t\t\t<\/div>\n\t\t\t\t\t\t<\/div>\n\t\t\t<\/div>\n\t\t<\/div>\n\t\t\t\t<div class=\"elementor-element elementor-element-46d1f63 elementor-column elementor-col-33 elementor-top-column\" data-id=\"46d1f63\" data-element_type=\"column\">\n\t\t\t<div class=\"elementor-column-wrap  elementor-element-populated\">\n\t\t\t\t\t<div class=\"elementor-widget-wrap\">\n\t\t\t\t<div class=\"elementor-element elementor-element-f359702 elementor-widget elementor-widget-image\" data-id=\"f359702\" data-element_type=\"widget\" data-widget_type=\"image.default\">\n\t\t\t\t<div class=\"elementor-widget-container\">\n\t\t\t\t\t<div class=\"elementor-image\">\n\t\t\t\t\t\t\t\t\t\t<img decoding=\"async\" src=\"http:\/\/gulgunlaw.com\/wp-content\/uploads\/elementor\/thumbs\/Vesikal\u0131k-copy-copy-ol0cin3k8772b3p8z1banrnwtlfyp9gah6t3rkum3k.png\" title=\"burak\" alt=\"burak\" \/>\t\t\t\t\t\t\t\t\t\t\t<\/div>\n\t\t\t\t<\/div>\n\t\t\t\t<\/div>\n\t\t\t\t<div class=\"elementor-element elementor-element-9e130f5 elementor-widget elementor-widget-text-editor\" data-id=\"9e130f5\" data-element_type=\"widget\" data-widget_type=\"text-editor.default\">\n\t\t\t\t<div class=\"elementor-widget-container\">\n\t\t\t\t\t<div class=\"elementor-text-editor elementor-clearfix\"><p style=\"text-align: center;\"><strong>\u00a0AV. BURAK<strong class=\"gmail_sendername\" dir=\"auto\">\u00a0\u00c7OLAK<\/strong><\/strong><\/p><p style=\"text-align: center;\">\u0130stanbul \u00dcniversitesi Hukuk Fak\u00fcltesi<\/p><p style=\"text-align: center;\"><a href=\"mailto:burak@gulgunlaw.com\">burak@gulgunlaw.com<\/a><\/p><\/div>\n\t\t\t\t<\/div>\n\t\t\t\t<\/div>\n\t\t\t\t\t\t<\/div>\n\t\t\t<\/div>\n\t\t<\/div>\n\t\t\t\t<div class=\"elementor-element elementor-element-bb0d837 elementor-column elementor-col-33 elementor-top-column\" data-id=\"bb0d837\" data-element_type=\"column\">\n\t\t\t<div class=\"elementor-column-wrap  elementor-element-populated\">\n\t\t\t\t\t<div class=\"elementor-widget-wrap\">\n\t\t\t\t<div class=\"elementor-element elementor-element-3ff303f elementor-widget elementor-widget-image\" data-id=\"3ff303f\" data-element_type=\"widget\" data-widget_type=\"image.default\">\n\t\t\t\t<div class=\"elementor-widget-container\">\n\t\t\t\t\t<div class=\"elementor-image\">\n\t\t\t\t\t\t\t\t\t\t<img decoding=\"async\" src=\"http:\/\/gulgunlaw.com\/wp-content\/uploads\/elementor\/thumbs\/WhatsApp-Image-2020-08-19-at-13.01.03-1-ou8vgwni1k1d54q7wfwifz3z4ls1dtde2p5lo3ub7a.png\" title=\"WhatsApp Image 2020-08-19 at 13.01.03 (1)\" alt=\"WhatsApp Image 2020-08-19 at 13.01.03 (1)\" \/>\t\t\t\t\t\t\t\t\t\t\t<\/div>\n\t\t\t\t<\/div>\n\t\t\t\t<\/div>\n\t\t\t\t<div class=\"elementor-element elementor-element-5cb368f elementor-widget elementor-widget-text-editor\" data-id=\"5cb368f\" data-element_type=\"widget\" data-widget_type=\"text-editor.default\">\n\t\t\t\t<div class=\"elementor-widget-container\">\n\t\t\t\t\t<div class=\"elementor-text-editor elementor-clearfix\"><p style=\"text-align: center;\"><strong>\u00a0AV. H\u00dcSEY\u0130N \u00c7ALI\u015eKAN<\/strong><\/p><p style=\"text-align: center;\">FSM Vak\u0131f \u00dcniversitesi Hukuk Fak\u00fcltesi<\/p><p style=\"text-align: center;\"><a href=\"mailto:huseyin@gulgunlaw.com\">huseyin@gulgunlaw.com<\/a><\/p><\/div>\n\t\t\t\t<\/div>\n\t\t\t\t<\/div>\n\t\t\t\t\t\t<\/div>\n\t\t\t<\/div>\n\t\t<\/div>\n\t\t\t\t\t\t<\/div>\n\t\t\t<\/div>\n\t\t<\/section>\n\t\t\t\t<section class=\"elementor-element elementor-element-dd267e8 elementor-section-boxed elementor-section-height-default elementor-section-height-default elementor-section elementor-top-section\" data-id=\"dd267e8\" data-element_type=\"section\">\n\t\t\t\t\t\t<div class=\"elementor-container elementor-column-gap-default\">\n\t\t\t\t<div class=\"elementor-row\">\n\t\t\t\t<div class=\"elementor-element elementor-element-dd1ce33 elementor-column elementor-col-33 elementor-top-column\" data-id=\"dd1ce33\" data-element_type=\"column\">\n\t\t\t<div class=\"elementor-column-wrap\">\n\t\t\t\t\t<div class=\"elementor-widget-wrap\">\n\t\t\t\t\t\t<\/div>\n\t\t\t<\/div>\n\t\t<\/div>\n\t\t\t\t<div class=\"elementor-element elementor-element-f805bdf elementor-column elementor-col-33 elementor-top-column\" data-id=\"f805bdf\" data-element_type=\"column\">\n\t\t\t<div class=\"elementor-column-wrap\">\n\t\t\t\t\t<div class=\"elementor-widget-wrap\">\n\t\t\t\t\t\t<\/div>\n\t\t\t<\/div>\n\t\t<\/div>\n\t\t\t\t<div class=\"elementor-element elementor-element-49879ad elementor-column elementor-col-33 elementor-top-column\" data-id=\"49879ad\" data-element_type=\"column\">\n\t\t\t<div class=\"elementor-column-wrap\">\n\t\t\t\t\t<div class=\"elementor-widget-wrap\">\n\t\t\t\t\t\t<\/div>\n\t\t\t<\/div>\n\t\t<\/div>\n\t\t\t\t\t\t<\/div>\n\t\t\t<\/div>\n\t\t<\/section>\n\t\t\t\t\t\t<\/div>\n\t\t\t<\/div>\n\t\t<\/div>\n\t\t","protected":false},"excerpt":{"rendered":"<p>\u00a0AV. MUSTAFA C\u00dcNEYD DO\u011eAN Bilkent \u00dcniversitesi Hukuk Fak\u00fcltesi cuneyd@gulgunlaw.com \u00a0AV. ORHAN G\u00dcLG\u00dcN \u0130stanbul \u00dcniversitesi Hukuk Fak\u00fcltesi orhan@gulgunlaw.com \u00a0AV. SA\u0130T M\u00dcRSEL &#8230;<\/p>\n","protected":false},"author":1,"featured_media":0,"parent":0,"menu_order":0,"comment_status":"open","ping_status":"closed","template":"","meta":[],"_links":{"self":[{"href":"http:\/\/gulgunlaw.com\/index.php\/wp-json\/wp\/v2\/pages\/52"}],"collection":[{"href":"http:\/\/gulgunlaw.com\/index.php\/wp-json\/wp\/v2\/pages"}],"about":[{"href":"http:\/\/gulgunlaw.com\/index.php\/wp-json\/wp\/v2\/types\/page"}],"author":[{"embeddable":true,"href":"http:\/\/gulgunlaw.com\/index.php\/wp-json\/wp\/v2\/users\/1"}],"replies":[{"embeddable":true,"href":"http:\/\/gulgunlaw.com\/index.php\/wp-json\/wp\/v2\/comments?post=52"}],"version-history":[{"count":91,"href":"http:\/\/gulgunlaw.com\/index.php\/wp-json\/wp\/v2\/pages\/52\/revisions"}],"predecessor-version":[{"id":1097,"href":"http:\/\/gulgunlaw.com\/index.php\/wp-json\/wp\/v2\/pages\/52\/revisions\/1097"}],"wp:attachment":[{"href":"http:\/\/gulgunlaw.com\/index.php\/wp-json\/wp\/v2\/media?parent=52"}],"curies":[{"name":"wp","href":"https:\/\/api.w.org\/{rel}","templated":true}]}}