{"id":24,"date":"2015-01-27T01:52:19","date_gmt":"2015-01-26T23:52:19","guid":{"rendered":"http:\/\/demo.wpcharming.com\/humanrights\/?page_id=24"},"modified":"2018-02-01T04:52:09","modified_gmt":"2018-02-01T01:52:09","slug":"gayrimenkul-insaat-hukuku","status":"publish","type":"page","link":"http:\/\/gulgunlaw.com\/index.php\/faaliyet-alanlari\/gayrimenkul-insaat-hukuku\/","title":{"rendered":"Gayrimenkul ve \u0130n\u015faat Hukuku"},"content":{"rendered":"<p>[vc_row][vc_column][vc_column_text]<\/p>\n<div id=\"tab-1422530729-1-22\" class=\"wpb_tab ui-tabs-panel wpb_ui-tabs-hide vc_clearfix ui-widget-content ui-corner-bottom\">\n<div class=\"wpb_text_column wpb_content_element \">\n<div class=\"wpb_wrapper\">\n<p class=\"p1\"><span class=\"s1\">GHB gayrimenkul ve in\u015faat alan\u0131nda yerli ve yabanc\u0131 yat\u0131r\u0131mc\u0131lar\u0131n sat\u0131n alma ve yat\u0131r\u0131m faaliyetlerinin hukuki s\u0131n\u0131rlar\u0131n\u0131 ve imkanlar\u0131n\u0131, s\u00f6zle\u015fmelerinin haz\u0131rlanmas\u0131n\u0131, m\u00fchendislik ve projelendirme a\u015famas\u0131ndan teslime kadar t\u00fcm s\u00fcre\u00e7lerde m\u00fcvekkillerine sunar. <\/span><\/p>\n<p class=\"p1\"><span class=\"s1\">GHB \u00f6zellikle Ortado\u011fu ve K\u00f6rfez \u00fclkelerinden yat\u0131r\u0131mc\u0131lar\u0131n T\u00fcrkiye\u2019deki gayrimenkul ve in\u015faat yat\u0131r\u0131mlar\u0131ndaki tecr\u00fcbesiyle, uluslararas\u0131 d\u00fczeyde m\u00fcvekkillerinin hukuki i\u015f ve i\u015flemlerini y\u00fcr\u00fct\u00fcr. <\/span><\/p>\n<p class=\"p1\"><span class=\"s1\">GHB bununla ba\u011flant\u0131l\u0131 olarak yabanc\u0131lar\u0131n ikamet ve T\u00fcrkiye\u2019deki \u00e7al\u0131\u015fma izinlerini de sa\u011flar. \u00d6te yandan miras hukukunun gerekleri \u00e7er\u00e7evesinde ortakl\u0131\u011f\u0131n giderilmesi, tenkis, vasiyetnamenin iptali bak\u0131m\u0131ndan gayrimenkule de\u011fin t\u00fcm s\u00fcre\u00e7lerde miras hukuku bak\u0131m\u0131ndan da etkin bir rol alarak sonu\u00e7 odakl\u0131 hizmetler sunar.<\/span><\/p>\n<\/div>\n<\/div>\n<\/div>\n<p>[\/vc_column_text][\/vc_column][\/vc_row]<\/p>\n","protected":false},"excerpt":{"rendered":"<p>GHB gayrimenkul ve in\u015faat alan\u0131nda yerli ve yabanc\u0131 yat\u0131r\u0131mc\u0131lar\u0131n sat\u0131n alma ve yat\u0131r\u0131m faaliyetlerinin hukuki s\u0131n\u0131rlar\u0131n\u0131 ve imkanlar\u0131n\u0131, s\u00f6zle\u015fmelerinin haz\u0131rlanmas\u0131n\u0131, m\u00fchendislik ve projelendirme a\u015famas\u0131ndan teslime kadar t\u00fcm s\u00fcre\u00e7lerde m\u00fcvekkillerine sunar.<\/p>\n","protected":false},"author":1,"featured_media":890,"parent":10,"menu_order":0,"comment_status":"open","ping_status":"closed","template":"","meta":[],"_links":{"self":[{"href":"http:\/\/gulgunlaw.com\/index.php\/wp-json\/wp\/v2\/pages\/24"}],"collection":[{"href":"http:\/\/gulgunlaw.com\/index.php\/wp-json\/wp\/v2\/pages"}],"about":[{"href":"http:\/\/gulgunlaw.com\/index.php\/wp-json\/wp\/v2\/types\/page"}],"author":[{"embeddable":true,"href":"http:\/\/gulgunlaw.com\/index.php\/wp-json\/wp\/v2\/users\/1"}],"replies":[{"embeddable":true,"href":"http:\/\/gulgunlaw.com\/index.php\/wp-json\/wp\/v2\/comments?post=24"}],"version-history":[{"count":5,"href":"http:\/\/gulgunlaw.com\/index.php\/wp-json\/wp\/v2\/pages\/24\/revisions"}],"predecessor-version":[{"id":959,"href":"http:\/\/gulgunlaw.com\/index.php\/wp-json\/wp\/v2\/pages\/24\/revisions\/959"}],"up":[{"embeddable":true,"href":"http:\/\/gulgunlaw.com\/index.php\/wp-json\/wp\/v2\/pages\/10"}],"wp:featuredmedia":[{"embeddable":true,"href":"http:\/\/gulgunlaw.com\/index.php\/wp-json\/wp\/v2\/media\/890"}],"wp:attachment":[{"href":"http:\/\/gulgunlaw.com\/index.php\/wp-json\/wp\/v2\/media?parent=24"}],"curies":[{"name":"wp","href":"https:\/\/api.w.org\/{rel}","templated":true}]}}