{"id":121,"date":"2015-01-28T06:36:17","date_gmt":"2015-01-28T04:36:17","guid":{"rendered":"http:\/\/demo.wpcharming.com\/humanrights\/?page_id=121"},"modified":"2018-02-01T04:44:17","modified_gmt":"2018-02-01T01:44:17","slug":"idare-hukuku","status":"publish","type":"page","link":"http:\/\/gulgunlaw.com\/index.php\/faaliyet-alanlari\/idare-hukuku\/","title":{"rendered":"\u0130dare Hukuku"},"content":{"rendered":"<p class=\"p1\"><span class=\"s1\">Ger\u00e7ek veya t\u00fczel ki\u015filerin idari mercilerle kar\u015f\u0131la\u015facaklar\u0131 sorunlarda gerek iptal davalar\u0131 gerek tam yarg\u0131 davalar\u0131n\u0131n a\u00e7\u0131l\u0131p s\u00fcrecin titiz bi\u00e7imde y\u00fcr\u00fct\u00fclmesi gerekse de \u00f6ncesinde mercilere yap\u0131lmas\u0131 gereken ba\u015fvurular\u0131n haz\u0131rlanmas\u0131 ba\u015fta olmak \u00fczere, kamula\u015ft\u0131rma bedelleri bak\u0131m\u0131ndan da tecr\u00fcbeye sahip olan GHB; idarenin eylem ve i\u015flemlerine kar\u015f\u0131 hukuka ayk\u0131r\u0131l\u0131\u011f\u0131n giderilmesi ve zarar h\u00e2linde tazmini i\u00e7in idari yarg\u0131lama us\u00fcl\u00fc \u00e7er\u00e7evesinde sonucun elde edilmesini hedefler ve y\u00fcr\u00fctmenin durdurulmas\u0131 i\u00e7in hukuki ad\u0131mlar\u0131 ger\u00e7ekle\u015ftirir.<\/span><\/p>\n","protected":false},"excerpt":{"rendered":"<p>Ger\u00e7ek veya t\u00fczel ki\u015filerin idari mercilerle kar\u015f\u0131la\u015facaklar\u0131 sorunlarda gerek iptal davalar\u0131 gerek tam yarg\u0131 davalar\u0131n\u0131n a\u00e7\u0131l\u0131p s\u00fcrecin titiz bi\u00e7imde y\u00fcr\u00fct\u00fclmesi gerekse de \u00f6ncesinde mercilere yap\u0131lmas\u0131 gereken ba\u015fvurular\u0131n<\/p>\n","protected":false},"author":1,"featured_media":896,"parent":10,"menu_order":0,"comment_status":"open","ping_status":"closed","template":"","meta":[],"_links":{"self":[{"href":"http:\/\/gulgunlaw.com\/index.php\/wp-json\/wp\/v2\/pages\/121"}],"collection":[{"href":"http:\/\/gulgunlaw.com\/index.php\/wp-json\/wp\/v2\/pages"}],"about":[{"href":"http:\/\/gulgunlaw.com\/index.php\/wp-json\/wp\/v2\/types\/page"}],"author":[{"embeddable":true,"href":"http:\/\/gulgunlaw.com\/index.php\/wp-json\/wp\/v2\/users\/1"}],"replies":[{"embeddable":true,"href":"http:\/\/gulgunlaw.com\/index.php\/wp-json\/wp\/v2\/comments?post=121"}],"version-history":[{"count":2,"href":"http:\/\/gulgunlaw.com\/index.php\/wp-json\/wp\/v2\/pages\/121\/revisions"}],"predecessor-version":[{"id":954,"href":"http:\/\/gulgunlaw.com\/index.php\/wp-json\/wp\/v2\/pages\/121\/revisions\/954"}],"up":[{"embeddable":true,"href":"http:\/\/gulgunlaw.com\/index.php\/wp-json\/wp\/v2\/pages\/10"}],"wp:featuredmedia":[{"embeddable":true,"href":"http:\/\/gulgunlaw.com\/index.php\/wp-json\/wp\/v2\/media\/896"}],"wp:attachment":[{"href":"http:\/\/gulgunlaw.com\/index.php\/wp-json\/wp\/v2\/media?parent=121"}],"curies":[{"name":"wp","href":"https:\/\/api.w.org\/{rel}","templated":true}]}}