{"id":10,"date":"2015-01-27T01:48:13","date_gmt":"2015-01-26T23:48:13","guid":{"rendered":"http:\/\/demo.wpcharming.com\/humanrights\/?page_id=10"},"modified":"2021-09-25T03:40:46","modified_gmt":"2021-09-25T00:40:46","slug":"faaliyet-alanlari","status":"publish","type":"page","link":"http:\/\/gulgunlaw.com\/index.php\/faaliyet-alanlari\/","title":{"rendered":"Faaliyet Alanlar\u0131"},"content":{"rendered":"<p>[vc_row][vc_column]\n\t<div class=\"child-page-wrapper\">\n\t\t<div class=\"grid-wrapper grid-3-columns grid-row \">\n\t\t\t<div class=\"grid-item grid-sm-6 grid-md-4\">\n\t\t\t\t<div class=\"grid-thumbnail\">\n\t\t\t\t\t<a href=\"http:\/\/gulgunlaw.com\/index.php\/faaliyet-alanlari\/gayrimenkul-insaat-hukuku\/\" title=\"Gayrimenkul ve \u0130n\u015faat Hukuku\"><img width=\"500\" height=\"300\" src=\"http:\/\/gulgunlaw.com\/wp-content\/uploads\/2018\/02\/25703gayrimenkul-500x300.jpg\" class=\"attachment-medium-thumb size-medium-thumb wp-post-image\" alt=\"\" decoding=\"async\" loading=\"lazy\" \/><\/a>\n\t\t\t\t<\/div>\n\t\t\t\t<h3 class=\"grid-title\"><a href=\"http:\/\/gulgunlaw.com\/index.php\/faaliyet-alanlari\/gayrimenkul-insaat-hukuku\/\" rel=\"bookmark\">Gayrimenkul ve \u0130n\u015faat Hukuku<\/a><\/h3>\n\n\t\t\t\t<p>GHB gayrimenkul ve in\u015faat alan\u0131nda yerli ve yabanc\u0131 yat\u0131r\u0131mc\u0131lar\u0131n sat\u0131n alma ve yat\u0131r\u0131m faaliyetlerinin hukuki s\u0131n\u0131rlar\u0131n\u0131 ve imkanlar\u0131n\u0131, s\u00f6zle\u015fmelerinin haz\u0131rlanmas\u0131n\u0131, m\u00fchendislik ve projelendirme a\u015famas\u0131ndan teslime kadar t\u00fcm s\u00fcre\u00e7lerde m\u00fcvekkillerine sunar.<\/p>\n\n\t\t\t\t<a class=\"grid-more\" href=\"http:\/\/gulgunlaw.com\/index.php\/faaliyet-alanlari\/gayrimenkul-insaat-hukuku\/\" title=\"Gayrimenkul ve \u0130n\u015faat Hukuku\">Devam\u0131n\u0131 Oku<\/a>\n\n\t\t\t<\/div>\n\t\t\t\n\t\t\t<div class=\"grid-item grid-sm-6 grid-md-4\">\n\t\t\t\t<div class=\"grid-thumbnail\">\n\t\t\t\t\t<a href=\"http:\/\/gulgunlaw.com\/index.php\/faaliyet-alanlari\/ticari-sirketler-hukuku\/\" title=\"Ticaret Hukuku\"><img width=\"500\" height=\"300\" src=\"http:\/\/gulgunlaw.com\/wp-content\/uploads\/2018\/02\/sirketler-hukuku-avukati-konya-500x300.jpg\" class=\"attachment-medium-thumb size-medium-thumb wp-post-image\" alt=\"\" decoding=\"async\" loading=\"lazy\" \/><\/a>\n\t\t\t\t<\/div>\n\t\t\t\t<h3 class=\"grid-title\"><a href=\"http:\/\/gulgunlaw.com\/index.php\/faaliyet-alanlari\/ticari-sirketler-hukuku\/\" rel=\"bookmark\">Ticaret Hukuku<\/a><\/h3>\n\n\t\t\t\t<p>GHB anonim ve limited \u015firketler a\u011f\u0131rl\u0131kl\u0131 olmak \u00fczere y\u00f6netim kurullar\u0131na periyodik yasal dan\u0131\u015fmanl\u0131k yan\u0131nda, \u015firketteki hissedarl\u0131k yap\u0131s\u0131n\u0131n yeniden tanzimi, icra hukuku departman\u0131yla koordineli bi\u00e7imde \u015firketlerin alacaklar\u0131n\u0131n ve bor\u00e7lar\u0131n\u0131n \u00e7\u00f6z\u00fcmlenmesi<\/p>\n\n\t\t\t\t<a class=\"grid-more\" href=\"http:\/\/gulgunlaw.com\/index.php\/faaliyet-alanlari\/ticari-sirketler-hukuku\/\" title=\"Ticaret Hukuku\">Devam\u0131n\u0131 Oku<\/a>\n\n\t\t\t<\/div>\n\t\t\t\n\t\t\t<div class=\"grid-item grid-sm-6 grid-md-4\">\n\t\t\t\t<div class=\"grid-thumbnail\">\n\t\t\t\t\t<a href=\"http:\/\/gulgunlaw.com\/index.php\/faaliyet-alanlari\/fikri-ve-sinai-mulkiyet-hukuku\/\" title=\"Fikri ve S\u0131nai M\u00fclkiyet Hukuku\"><img width=\"500\" height=\"300\" src=\"http:\/\/gulgunlaw.com\/wp-content\/uploads\/2018\/02\/d61d44254608dd06ccdd2ff02982d14d_XL-500x300.jpg\" class=\"attachment-medium-thumb size-medium-thumb wp-post-image\" alt=\"\" decoding=\"async\" loading=\"lazy\" \/><\/a>\n\t\t\t\t<\/div>\n\t\t\t\t<h3 class=\"grid-title\"><a href=\"http:\/\/gulgunlaw.com\/index.php\/faaliyet-alanlari\/fikri-ve-sinai-mulkiyet-hukuku\/\" rel=\"bookmark\">Fikri ve S\u0131nai M\u00fclkiyet Hukuku<\/a><\/h3>\n\n\t\t\t\t<p>GHB \u00f6zellikle yay\u0131nc\u0131l\u0131k ve kimyevi \u00fcr\u00fcnler alan\u0131ndaki dan\u0131\u015fmanl\u0131k tecr\u00fcbesiyle fikir ve sanat eserlerinin korunmas\u0131 ve telif haklar\u0131n\u0131n gerek cezai gerekse hukuki yollarla muhafazas\u0131 i\u00e7in her t\u00fcrl\u00fc ad\u0131m\u0131 atar. <\/p>\n\n\t\t\t\t<a class=\"grid-more\" href=\"http:\/\/gulgunlaw.com\/index.php\/faaliyet-alanlari\/fikri-ve-sinai-mulkiyet-hukuku\/\" title=\"Fikri ve S\u0131nai M\u00fclkiyet Hukuku\">Devam\u0131n\u0131 Oku<\/a>\n\n\t\t\t<\/div>\n\t\t\t\n\t\t\t\t<div class=\"clear\"><\/div>\n\t\t\t<div class=\"grid-item grid-sm-6 grid-md-4\">\n\t\t\t\t<div class=\"grid-thumbnail\">\n\t\t\t\t\t<a href=\"http:\/\/gulgunlaw.com\/index.php\/faaliyet-alanlari\/tazminat-hukuku\/\" title=\"Tazminat Hukuku\"><img width=\"500\" height=\"300\" src=\"http:\/\/gulgunlaw.com\/wp-content\/uploads\/2018\/02\/kidem-tazminati-nedir-nasil-alinir-hesaplama-evlilik-istifa-askerlik-tazminat-davasi-500x300.jpg\" class=\"attachment-medium-thumb size-medium-thumb wp-post-image\" alt=\"\" decoding=\"async\" loading=\"lazy\" \/><\/a>\n\t\t\t\t<\/div>\n\t\t\t\t<h3 class=\"grid-title\"><a href=\"http:\/\/gulgunlaw.com\/index.php\/faaliyet-alanlari\/tazminat-hukuku\/\" rel=\"bookmark\">Tazminat Hukuku<\/a><\/h3>\n\n\t\t\t\t<p>GHB, trafik kazalar\u0131na odakl\u0131 olarak sigorta \u015firketlerinden tazminatlar\u0131n tahsil edilmesi, sigorta ihtilaflar\u0131ndan kaynaklanan davalar, trafik kazalar\u0131 ve hasar nedeniyle tazminat istemleri, t\u0131p hukukundan kaynaklanan malpraktis ba\u015fta olmak \u00fczere<\/p>\n\n\t\t\t\t<a class=\"grid-more\" href=\"http:\/\/gulgunlaw.com\/index.php\/faaliyet-alanlari\/tazminat-hukuku\/\" title=\"Tazminat Hukuku\">Devam\u0131n\u0131 Oku<\/a>\n\n\t\t\t<\/div>\n\t\t\t\n\t\t\t<div class=\"grid-item grid-sm-6 grid-md-4\">\n\t\t\t\t<div class=\"grid-thumbnail\">\n\t\t\t\t\t<a href=\"http:\/\/gulgunlaw.com\/index.php\/faaliyet-alanlari\/is-hukuku\/\" title=\"\u0130\u015f Hukuku\"><img width=\"500\" height=\"300\" src=\"http:\/\/gulgunlaw.com\/wp-content\/uploads\/2018\/02\/is-hukuku-500x300.jpg\" class=\"attachment-medium-thumb size-medium-thumb wp-post-image\" alt=\"\" decoding=\"async\" loading=\"lazy\" \/><\/a>\n\t\t\t\t<\/div>\n\t\t\t\t<h3 class=\"grid-title\"><a href=\"http:\/\/gulgunlaw.com\/index.php\/faaliyet-alanlari\/is-hukuku\/\" rel=\"bookmark\">\u0130\u015f Hukuku<\/a><\/h3>\n\n\t\t\t\t<p>\u0130\u015f kazalar\u0131 alan\u0131nda bilgi ve tecr\u00fcbe birikimi yo\u011fun olan GHB ayn\u0131 zamanda i\u015f g\u00fcvencesi h\u00fck\u00fcmleri, k\u0131dem tazminat\u0131, ihbar tazminat\u0131, fazla mesai ve \u00fccret alacaklar\u0131 ba\u015fta olmak \u00fczere i\u015f\u00e7inin her t\u00fcrl\u00fc alacaklar\u0131n\u0131n i\u015fverenden tahsil edilmesi<\/p>\n\n\t\t\t\t<a class=\"grid-more\" href=\"http:\/\/gulgunlaw.com\/index.php\/faaliyet-alanlari\/is-hukuku\/\" title=\"\u0130\u015f Hukuku\">Devam\u0131n\u0131 Oku<\/a>\n\n\t\t\t<\/div>\n\t\t\t\n\t\t\t<div class=\"grid-item grid-sm-6 grid-md-4\">\n\t\t\t\t<div class=\"grid-thumbnail\">\n\t\t\t\t\t<a href=\"http:\/\/gulgunlaw.com\/index.php\/faaliyet-alanlari\/idare-hukuku\/\" title=\"\u0130dare Hukuku\"><img width=\"500\" height=\"300\" src=\"http:\/\/gulgunlaw.com\/wp-content\/uploads\/2018\/02\/idare-hukuku-500x300.jpg\" class=\"attachment-medium-thumb size-medium-thumb wp-post-image\" alt=\"\" decoding=\"async\" loading=\"lazy\" \/><\/a>\n\t\t\t\t<\/div>\n\t\t\t\t<h3 class=\"grid-title\"><a href=\"http:\/\/gulgunlaw.com\/index.php\/faaliyet-alanlari\/idare-hukuku\/\" rel=\"bookmark\">\u0130dare Hukuku<\/a><\/h3>\n\n\t\t\t\t<p>Ger\u00e7ek veya t\u00fczel ki\u015filerin idari mercilerle kar\u015f\u0131la\u015facaklar\u0131 sorunlarda gerek iptal davalar\u0131 gerek tam yarg\u0131 davalar\u0131n\u0131n a\u00e7\u0131l\u0131p s\u00fcrecin titiz bi\u00e7imde y\u00fcr\u00fct\u00fclmesi gerekse de \u00f6ncesinde mercilere yap\u0131lmas\u0131 gereken ba\u015fvurular\u0131n<\/p>\n\n\t\t\t\t<a class=\"grid-more\" href=\"http:\/\/gulgunlaw.com\/index.php\/faaliyet-alanlari\/idare-hukuku\/\" title=\"\u0130dare Hukuku\">Devam\u0131n\u0131 Oku<\/a>\n\n\t\t\t<\/div>\n\t\t\t\n\t\t\t\t<div class=\"clear\"><\/div>\n\t\t\t<div class=\"grid-item grid-sm-6 grid-md-4\">\n\t\t\t\t<div class=\"grid-thumbnail\">\n\t\t\t\t\t<a href=\"http:\/\/gulgunlaw.com\/index.php\/faaliyet-alanlari\/icra-hukuku\/\" title=\"\u0130cra Hukuku\"><img width=\"500\" height=\"300\" src=\"http:\/\/gulgunlaw.com\/wp-content\/uploads\/2018\/02\/ic_huki-500x300.jpg\" class=\"attachment-medium-thumb size-medium-thumb wp-post-image\" alt=\"\" decoding=\"async\" loading=\"lazy\" \/><\/a>\n\t\t\t\t<\/div>\n\t\t\t\t<h3 class=\"grid-title\"><a href=\"http:\/\/gulgunlaw.com\/index.php\/faaliyet-alanlari\/icra-hukuku\/\" rel=\"bookmark\">\u0130cra Hukuku<\/a><\/h3>\n\n\t\t\t\t<p>GHB \u0130cra Hukuku alan\u0131nda \u00f6zel departman\u0131yla alacaklar\u0131n ilaml\u0131 ya da ilams\u0131z her t\u00fcrl\u00fc takip ve tahsilat\u0131n\u0131 m\u00fcmk\u00fcn olan en h\u0131zl\u0131 bi\u00e7imde ve en geni\u015f tahsil ara\u00e7lar\u0131n\u0131 kullanarak ger\u00e7ekle\u015ftirmeyi prensip edinmi\u015ftir.<\/p>\n\n\t\t\t\t<a class=\"grid-more\" href=\"http:\/\/gulgunlaw.com\/index.php\/faaliyet-alanlari\/icra-hukuku\/\" title=\"\u0130cra Hukuku\">Devam\u0131n\u0131 Oku<\/a>\n\n\t\t\t<\/div>\n\t\t\t\n\t\t\t<div class=\"grid-item grid-sm-6 grid-md-4\">\n\t\t\t\t<div class=\"grid-thumbnail\">\n\t\t\t\t\t<a href=\"http:\/\/gulgunlaw.com\/index.php\/faaliyet-alanlari\/yabancilar-hukuku\/\" title=\"Yabanc\u0131lar Hukuku\"><img width=\"500\" height=\"300\" src=\"http:\/\/gulgunlaw.com\/wp-content\/uploads\/2018\/02\/passports-more-e1435313737544-500x300.jpg\" class=\"attachment-medium-thumb size-medium-thumb wp-post-image\" alt=\"\" decoding=\"async\" loading=\"lazy\" \/><\/a>\n\t\t\t\t<\/div>\n\t\t\t\t<h3 class=\"grid-title\"><a href=\"http:\/\/gulgunlaw.com\/index.php\/faaliyet-alanlari\/yabancilar-hukuku\/\" rel=\"bookmark\">Yabanc\u0131lar Hukuku<\/a><\/h3>\n\n\t\t\t\t<p>Yabanc\u0131lar\u0131n T\u00fcrkiye\u2019de oturma ve \u00e7al\u0131\u015fma izinlerinin al\u0131nmas\u0131, T\u00fcrkiye\u2019de ta\u015f\u0131nmaz edinmesi ve \u015firket kurmas\u0131 s\u00fcre\u00e7lerinin takibi, resmi mercilerle ya\u015fad\u0131klar\u0131 sorunlar\u0131n \u00e7\u00f6z\u00fcmlenmesi GHB\u2019nin yan dal olarak sundu\u011fu hizmetlerden biridir.<\/p>\n\n\t\t\t\t<a class=\"grid-more\" href=\"http:\/\/gulgunlaw.com\/index.php\/faaliyet-alanlari\/yabancilar-hukuku\/\" title=\"Yabanc\u0131lar Hukuku\">Devam\u0131n\u0131 Oku<\/a>\n\n\t\t\t<\/div>\n\t\t\t\n\t\t<\/div>\n\t<\/div>[\/vc_column][\/vc_row]<\/p>\n","protected":false},"excerpt":{"rendered":"<p>[vc_row][vc_column][\/vc_column][\/vc_row]<\/p>\n","protected":false},"author":1,"featured_media":0,"parent":0,"menu_order":0,"comment_status":"open","ping_status":"closed","template":"","meta":[],"_links":{"self":[{"href":"http:\/\/gulgunlaw.com\/index.php\/wp-json\/wp\/v2\/pages\/10"}],"collection":[{"href":"http:\/\/gulgunlaw.com\/index.php\/wp-json\/wp\/v2\/pages"}],"about":[{"href":"http:\/\/gulgunlaw.com\/index.php\/wp-json\/wp\/v2\/types\/page"}],"author":[{"embeddable":true,"href":"http:\/\/gulgunlaw.com\/index.php\/wp-json\/wp\/v2\/users\/1"}],"replies":[{"embeddable":true,"href":"http:\/\/gulgunlaw.com\/index.php\/wp-json\/wp\/v2\/comments?post=10"}],"version-history":[{"count":4,"href":"http:\/\/gulgunlaw.com\/index.php\/wp-json\/wp\/v2\/pages\/10\/revisions"}],"predecessor-version":[{"id":941,"href":"http:\/\/gulgunlaw.com\/index.php\/wp-json\/wp\/v2\/pages\/10\/revisions\/941"}],"wp:attachment":[{"href":"http:\/\/gulgunlaw.com\/index.php\/wp-json\/wp\/v2\/media?parent=10"}],"curies":[{"name":"wp","href":"https:\/\/api.w.org\/{rel}","templated":true}]}}